/(2/(-25)). What is the highest common factor of 40 and b?
10
Suppose 2*t + p - 207 = 88, -p + 445 = 3*t. Calculate the greatest common factor of t and 60.
30
Suppose 23 = -t + 3*l + 11, -l + 8 = t. What is the highest common divisor of 39 and t?
3
Suppose -3*c - 2*c = -15. Let k be ((-4)/(-4) + -1)/3. Suppose c*t - 2 - 118 = k. What is the greatest common divisor of t and 5?
5
Suppose 26 = 2*b - 34. What is the greatest common divisor of 10 and b?
10
Let a(y) = -7*y**3 + 8*y**2 + 10*y + 5 - 8*y**3 + 2 + 16*y**3. Let v be a(-6). What is the highest common divisor of v and 114?
19
Suppose 4 + 0 = 2*k. Suppose 58 = 5*a + k*d, 3*a - 2*d - 59 = -21. Let z be (-1)/(1/(-62)) + -2. Calculate the greatest common divisor of z and a.
12
Let a = -6 - -10. Let h(p) = p**3 - 2*p**2 - 7*p + 6. Let s be h(a). Let k = 4 + 16. What is the highest common factor of s and k?
10
Suppose 2*i - 6 = -i. Let l be 3/(((-4)/(-2))/i). Let w(r) = -5*r + 15. Let p be w(0). Calculate the greatest common divisor of l and p.
3
Let u be 4/(-20) + 8/(-10). Suppose 4 = -b + 5*b. Let x be u + 0 + (15 - b). Calculate the greatest common factor of x and 65.
13
Let l be (-8)/20*(-56 - -1). What is the highest common factor of l and 33?
11
Suppose -131 = -3*x + 94. Calculate the greatest common divisor of 15 and x.
15
Suppose 2*f = 7*f - 95. What is the highest common divisor of f and 152?
19
Let c = -15 + 21. Suppose -c*j = -7*j + 15. Calculate the highest common factor of j and 30.
15
Let z = -11 - -23. What is the greatest common divisor of 36 and z?
12
Let n(i) = 0 + 10*i - 1 + 2*i**2 + 15 - i**2. Let t be n(-11). Calculate the greatest common factor of 5 and t.
5
Let s = -5 + 3. Let r = s + 3. Calculate the greatest common factor of 4 and r.
1
Let y(d) = 9*d**2 + 4*d - 4. Let z be y(1). Calculate the highest common divisor of 36 and z.
9
Let v be (-13)/(-4) + 3/(-12). Calculate the highest common divisor of 9 and v.
3
Suppose -3*m + 83 = n, 186 = 4*n - 2*m - 132. What is the highest common factor of n and 10?
10
Let m be (10/(-4))/((-1)/26). Calculate the greatest common factor of m and 26.
13
Let c(a) = a**3 + 5*a**2 + a + 8. Let u be c(-4). Calculate the highest common divisor of 8 and u.
4
Suppose w + 150 = 2*w. Suppose -v - 2*v + w = 0. What is the greatest common divisor of 25 and v?
25
Let b = 12 - 4. Let m(w) = w**3 - 8*w**2 - w + 9. Let a be m(b). Calculate the highest common divisor of a and 1.
1
Let z = -12 - -8. Let g be (-4 - z)/(-1 + 3). Let f be (-3)/6*g - -100. What is the greatest common divisor of f and 20?
20
Let z(k) = 2*k**2 + 3*k + 1. Let i be z(2). Suppose -3*v = -5*w + 681, 240 = 3*w - 3*v - 171. Calculate the highest common factor of w and i.
15
Let h(w) = -w**2 + 6*w - 2. Let q be h(4). Suppose -240 = -q*f + 3*f. Let l = -38 + f. What is the greatest common divisor of l and 6?
6
Let a = -6 + 8. Suppose 4*w + 4*o = 48, 3*w + 7*o = 2*o + 44. Let f be (w/10)/(6/75). Calculate the highest common divisor of f and a.
2
Suppose -2*w - 2*x - 4 = 2*x, 3*x = -2*w - 1. Calculate the greatest common divisor of 20 and w.
4
Suppose 0 = -4*d + 72 + 132. Let f = -20 - -37. Calculate the greatest common divisor of d and f.
17
Let b(j) = j**3 - 13*j**2 + 11*j + 24. Let y be b(12). Calculate the greatest common factor of y and 6.
6
Let i = 407 + -272. Calculate the highest common factor of 15 and i.
15
Suppose 3*g = d - 12 - 23, 0 = -2*d + 2*g + 50. Suppose 5*n = 4*n + 50. Calculate the highest common factor of d and n.
10
Let y(z) = 6*z - 2. Let h be y(5). What is the greatest common factor of 196 and h?
28
Suppose 60 = 4*g + 3*w - 2*w, -2*w = -3*g + 56. What is the greatest common divisor of 4 and g?
4
Let a(o) = -o + 14. Suppose -6*x + 2*x = 0. Let f be a(x). Let l = 10 + -3. What is the highest common divisor of l and f?
7
Let l be (-48)/(-10) - 3/(-15). Suppose -i - 5*b - 5 = 0, 3*i = 5*i + l*b. Calculate the highest common factor of 35 and i.
5
Let k = -27 + 42. Suppose 45 = 2*s + s. What is the greatest common divisor of k and s?
15
Suppose -5*l - 4 = -4*y + 6*y, -2*y - l + 12 = 0. Calculate the highest common divisor of y and 1.
1
Let c be -276*3/(-1 - 8). Let j = c + -57. What is the highest common divisor of j and 14?
7
Let o = -13 + 140. Suppose 5*a + 3*p = 117, -6 + o = 5*a - p. Suppose -2*q - q = -a. What is the greatest common divisor of 8 and q?
8
Suppose 2*z - u - 65 = 0, -6*u - 25 = -u. Calculate the greatest common factor of 15 and z.
15
Let q(j) = 9*j - 2. Let b be q(4). Suppose -b = -4*z - 3*g - 5, 13 = 3*z + 4*g. Calculate the highest common factor of 121 and z.
11
Let p = 30 - 14. Suppose 3*h - 6*a - 31 = -2*a, p = -4*a. Calculate the greatest common factor of 2 and h.
1
Suppose -4*p - 420 = p. Let i be -1*(p + 6/(-2)). Suppose 168 + i = 3*h + 5*w, 2*w + 234 = 3*h. Calculate the highest common divisor of 10 and h.
10
Let g(y) = -y**3 + 10*y**2 - 3*y. Let t be (-6)/5*(-50)/15. Let z be g(t). What is the highest common divisor of z and 14?
14
Suppose 8 = 5*f - 2. Let c(g) = -g**3 + 4*g**2 + 2*g - 3. Let y be c(f). Calculate the greatest common divisor of 1 and y.
1
Let s be 94/(-6)*-1*-9. Let t = s + 226. Suppose -5*c + 155 = 3*p, 0*p + 2*p + 112 = 3*c. Calculate the highest common divisor of t and c.
17
Suppose 5*b = -2*i + 310, i + 325 = 5*b + 6*i. Calculate the greatest common divisor of b and 12.
12
Let b(h) = h + 6. Let l be b(0). Let u(v) = -2*v + 1. Suppose 5*i + 2*c = -14, -2*i + i + c = 7. Let d be u(i). What is the greatest common factor of d and l?
3
Let g = 3 - -2. What is the highest common divisor of g and 5?
5
Suppose -4*f + 88 = -216. What is the greatest common factor of 38 and f?
38
Let f(i) = 4*i + 76. Let v be f(-13). What is the greatest common factor of 24 and v?
24
Let k(p) = p + 10. Let b be k(0). Let r be b/(-45) + 218/9. Let z(h) = -h**2 - 8*h - 3. Let o be z(-5). What is the highest common divisor of o and r?
12
Suppose -f - i = -7 - 2, -2*i = 3*f - 29. Suppose f = -l + 44. Calculate the greatest common factor of l and 22.
11
Suppose 4*t + 4*z = 0, 3*t = -2*t - 4*z - 4. Let c(r) = -4 - 2*r + 0*r - 1 + 2*r**2. Let s be c(t). Calculate the greatest common factor of 7 and s.
7
Let f = 57 - 41. Let m = 61 - f. Calculate the greatest common factor of m and 15.
15
Let v(m) = -m**2 - 6*m - 2. Let b be v(-5). Suppose k - 20 = -b*k. What is the highest common divisor of k and 35?
5
Let l = 342 + -216. What is the highest common divisor of 14 and l?
14
Suppose k = -4*q + 5*k + 672, -4*q - 4*k = -672. What is the highest common factor of q and 21?
21
Let n(g) = -g + 5. Let i be n(4). Let u be ((-126)/15)/(i/(-5)). What is the greatest common factor of 6 and u?
6
Let g be ((-39)/(-6))/(2/12). Suppose 0 = -3*o + 9 + g. Suppose 7*m - 2*m = 720. Calculate the highest common factor of m and o.
16
Suppose -2*l + 38 = -54. Let c = 9 - 4. Suppose -80 + 31 = -2*m - 3*z, m - 28 = -c*z. What is the greatest common factor of m and l?
23
Let q(h) = 11*h**2 + 4. Let d be q(-4). Calculate the highest common divisor of 20 and d.
20
Let c(f) = f**3 - 5*f**2 - 2*f + 4. Let m be -1*18/(0 + -3). Let h be c(m). What is the highest common factor of h and 42?
14
Let t(a) = a**2. Let x be t(2). Let b(z) = 2*z**2 + 6*z - 6. Let g be b(x). What is the greatest common factor of 20 and g?
10
Let f = -37 + 8. Let a = 46 + f. Let t = a + 0. Calculate the greatest common factor of t and 85.
17
Let f(r) = r**2 + r - 2. Let h be f(4). Let q(d) = -2*d**2 - 2*d**3 - d**2 - 6 + d**3 - 10*d. Let l be q(-6). What is the highest common factor of h and l?
18
Let p be -48*4/6*-1. Let u(g) = g**3 + 9*g**2 + 8*g + 8. Let w be u(-8). Calculate the greatest common divisor of p and w.
8
Let x be ((-26)/4)/((-2)/4). Let d = 41 - -50. Calculate the greatest common factor of x and d.
13
Suppose -g - 135 = -6*g. Calculate the greatest common factor of 108 and g.
27
Let r(j) = j**2 - 2*j + 3. Let k be r(-3). Suppose -6 + k = 4*z. Let d = -2 - -11. Calculate the highest common divisor of z and d.
3
Let i(o) = o**2 + 5*o - 7. Let p be (-17 - (-2 - -2))*1. Let g = p - -10. Let u be i(g). Calculate the greatest common factor of u and 63.
7
Let m(u) = -u**3 + 5*u**2 + 8*u - 7. Let t be m(6). Suppose -487 = -5*q - 2*w - 0*w, -t*q + 483 = 3*w. What is the highest common factor of 9 and q?
